digit of s?
3
Let r = 91365 + -58515. What is the units digit of r?
0
Let p be -6 + 10 - (-3 - -435). Let d be 3*(p/21 - 8/28). Let b = 151 + d. What is the units digit of b?
9
Let p be 43 - -14 - (1 - 5). Let s = -41 + p. What is the units digit of -2*1*(-610)/s?
1
Suppose -1237327 = -36*s - 23299. What is the units digit of s?
3
Let w = -24 + 26. Suppose -p + w*p = 6. Suppose -p*c = -13*c + 791. What is the tens digit of c?
1
Suppose 0 = 550*y - 424*y - 2821014. What is the ten thousands digit of y?
2
Let t(f) = f**2 - 5*f - 10. Let o be t(4). What is the tens digit of 8/(-14) + ((-6264)/o)/6?
7
Suppose -2*p + 3*s + s + 6 = 0, -3*p = 2*s + 23. Let a(u) = 4. Let n(w) = w + 7. Let q(z) = p*a(z) + 3*n(z). What is the units digit of q(2)?
7
What is the tens digit of (6*-1 - 0)*48/144 - -15019?
1
Let t(y) = -6*y + 53. Let s be t(8). Let k(h) = h**3 + 4*h**2 - 7*h - 2. What is the tens digit of k(s)?
8
Let o(p) = p**2 - 24*p + 129. Let u be o(15). What is the units digit of -1 + 214 + (-11 - u)?
8
Let b(a) = 13354*a + 164. What is the thousands digit of b(2)?
6
Let a(l) = l**2 - 13*l - 18. Let b(d) = d**2 - 2*d + 14. Let u be b(0). Let p be a(u). Let s(r) = 8*r**2 + 8*r + 10. What is the tens digit of s(p)?
0
Let r = 7958 + -5609. Suppose r = 16*i - 755. What is the hundreds digit of i?
1
Let r(t) = 16*t**3 + 5*t**2 + t - 21. Let w be (-1)/((-3 + 1)*5/30). What is the hundreds digit of r(w)?
4
Let k(f) = -5*f + 27. Let p be k(5). What is the tens digit of (2 + p)*248/48*18?
7
Let d(y) = -3*y - 4. Let k be ((-2)/6)/(11/297). Let o be d(k). Suppose 19*u - o*u + 700 = 0. What is the tens digit of u?
7
Suppose -3*x + 22 = 2*y, -5*y + 0*x - 5*x + 55 = 0. Suppose -y*v + 2107 = -4977. What is the tens digit of v?
4
Let v(w) = 872*w - 22. What is the tens digit of v(4)?
6
Let p(k) = -k**3 + 3*k**2 + 15*k - 30. Let r be p(4). Suppose r*j - 27*j + 3055 = 0. What is the tens digit of j?
3
Let j(p) = 39*p**2 + 13*p + 10. Let t be (1 - -1) + 2 + -7. What is the tens digit of j(t)?
2
Suppose 484 = 10*i + 194. Let c = i - -186. What is the tens digit of c?
1
Suppose -2*a + 55*o - 50*o = -136099, a - 5*o = 68032. What is the thousands digit of a?
8
Suppose -u + 5 - 48 = a, 176 = -4*u - 2*a. Let n = -33 - u. Suppose n*s = 17*s - 670. What is the units digit of s?
4
Suppose 6620 = 5*s - 5*k, 3976 = 3*s + k - 0*k. What is the tens digit of s?
2
Suppose 4*g - 241 = -3*k, 5*k - 2*g = -5*g + 409. Let v = -81 + k. What is the units digit of 4 + (-1 + v)*3?
7
Let p(t) = 267*t - 18. Let v(a) = -a**3 - 4*a**2 + 8*a + 18. Let l be v(-5). What is the tens digit of p(l)?
8
Let y(v) = 2*v**2 - 12*v + 2. Let h be y(6). Suppose -h*o + 31 = -3*i, 0 = -o - i + 10 + 3. Suppose -13*b = -o*b + 22. What is the tens digit of b?
2
What is the thousands digit of ((-2)/6)/(-1) - 143717/(-21)?
6
Suppose -n - 39290 = -5*x, -x - 8*n = -3*n - 7884. What is the tens digit of x?
5
Let c(n) = -n**2 - 11*n + 14. Let r be c(-10). Let w = 95 - 51. Suppose 6*v - v - 4*p - r = 0, -3*v = 5*p - w. What is the units digit of v?
8
Let b be (-2)/(2769/(-921) - -3). Suppose -2*h - 89 = -h - 5*k, 3*h = 5*k - b. Let q = 207 + h. What is the units digit of q?
8
Let g(s) be the third derivative of -31*s**4/6 - 55*s**3/6 - 31*s**2 + 2*s. What is the units digit of g(-2)?
3
Let k(v) = 35*v**2 + 106*v + 66. What is the tens digit of k(-7)?
3
Let l(u) = -u**3 + 8*u**2 + 7*u + 20. Let s be l(9). Let c = 5 - s. Suppose 3*f - 169 = t, -c*f = -5*t - 89 - 84. What is the tens digit of f?
5
Let m = -78 - -248. Suppose -2*j - m = -2*s, j = 2*j - 2*s + 85. Let r = 185 + j. What is the hundreds digit of r?
1
Let q(r) = -3*r + 25 - 13 + 2*r. Let m be q(4). Suppose -4*c - m = 0, -3*t + c = -2*t - 108. What is the hundreds digit of t?
1
Suppose -4*o = -2*s + 14326, -6*s + 2*o + 0*o = -43018. What is the tens digit of s?
7
Let p(q) = -5*q**2 + 82*q - 23. Let x be p(16). Let a(c) = 2*c**3 - 6*c**2 + 18*c - 47. What is the units digit of a(x)?
7
Let w = -340 + 490. Let y = w + 610. What is the units digit of y?
0
Let k = 17 + -24. Let o(i) be the third derivative of -i**6/120 - i**5/12 - i**4/6 - 5*i**3/6 + 3*i**2. What is the tens digit of o(k)?
2
Suppose 5*t - 2*l + 138 = -72, 5*t + 210 = -4*l. Let i = t + 30. Let d = i + 37. What is the tens digit of d?
2
Suppose 2*b = -5*k + 352, -k - b = -6*k + 349. Let n(h) = 19*h + 18*h + 16 - k*h + 29*h + h**2. What is the tens digit of n(-10)?
5
Let x be (-1)/(-6) - (-129)/36*34. Let y = x - 63. Let t = y - -57. What is the units digit of t?
6
What is the hundreds digit of -10 - (-4675 + -1)*(-203)/(-14)?
7
Suppose -l = 4*g - 42, -l + 36 = 2*g - 4*g. Suppose 0 = -11*y + l + 61. Suppose y*b - 6*b - 480 = 0. What is the hundreds digit of b?
1
Suppose -3*p - 3*n + 93 = 0, -8*p + 149 = -3*p - n. What is the units digit of ((-205)/2)/(7 - 213/p)?
5
Let j = -11678 - -26644. What is the tens digit of j?
6
Let o be (0 - (-4)/3)*3. Suppose 0 = -2*k - 3*h + 13 - 2, -3*k - o*h = -16. Suppose -5*w = 2*d - 58, k*w - 2*d - 28 = 4. What is the units digit of w?
0
Suppose 0 = 5*u - 4 - 11. Suppose -5*y - u*g + 10 + 11 = 0, -y + 5 = g. Suppose 0 = 3*s - 12, y*t - 146 = -0*t + 4*s. What is the units digit of t?
4
Let n(p) = -p**3 - 12*p**2 - 39*p + 34. What is the hundreds digit of n(-23)?
7
Let j(s) = 4*s**2 + 16*s - 17. Let c be j(1). Suppose -5*q + 710 = c*d, -11*d - 3*q - 750 = -14*d. What is the units digit of d?
5
Let i(h) = -11*h**3 + h**2 - 11*h - 14. Let v be i(-6). Suppose v + 10316 = 18*r. What is the tens digit of r?
1
Let t(i) be the second derivative of -i**3/6 - 40*i. Let p(o) = o**2 - 7*o - 18. Let v(b) = -p(b) + 2*t(b). What is the units digit of v(7)?
4
Suppose 3*g + 0*p + 4*p = 1930, -1975 = -3*g + 5*p. Let w = g + -55. What is the units digit of w?
5
Let o = 732 + -444. Let m = o - -456. What is the hundreds digit of m?
7
What is the hundreds digit of 24/(-52) - (-673320)/390?
7
Let q = -447 + 479. What is the tens digit of (48/q)/((-6)/(-3292))?
2
Suppose -3*z + 18 - 47 = -2*v, 0 = 4*v + z - 93. Suppose v*w - 1797 = -389. What is the units digit of w?
4
Suppose -15*v + 20*v + 23 = h, 0 = 2*h - 3*v - 39. What is the units digit of h*5/(-5)*17*-1?
6
Suppose u = -2*s + 1 + 2, 2*u + 6 = 0. Suppose 0*x = 2*x + 4*g - 10, 0 = -s*g + 3. Suppose -91 = -w - 4*p + 15, x*w - 5*p = 250. What is the units digit of w?
0
Let c(s) = -s + 14. Let i be c(42). Let f(m) = 3*m**3 + 85*m**2 - 11*m - 25. What is the thousands digit of f(i)?
1
Let i = 7555 + -39. What is the thousands digit of i?
7
Suppose -22*l + 27*l = -4*j + 21842, 4*l + 3*j - 17474 = 0. What is the units digit of l?
0
Let d be -1 - 14*(3 + -4). Suppose 3*p + 3*n - 8*n + d = 0, 4*n - 7 = -p. What is the hundreds digit of 298*(1 + p - (-1)/2)?
1
Suppose -3*a - 4100 = -4*w - 5*a, 0 = -3*w + 4*a + 3097. Suppose 15*x - 5632 = -w. What is the units digit of x?
7
Let d(i) = -2*i**3 + 24*i**2 - 5*i - 10. Let c(k) = k**3 - 23*k**2 + 6*k + 9. Let o(m) = -3*c(m) - 2*d(m). What is the hundreds digit of o(-21)?
1
What is the thousands digit of 1313726/110 + (-210)/(-5775)?
1
Let n(v) = 106*v**2 + 84*v - 18. What is the thousands digit of n(-9)?
7
Suppose 2*d - 2*a = 174, 3*d - 160 = d - 5*a. Suppose 82*n - d*n = -117. What is the tens digit of n + 0 + (5 - 3 - 1)?
4
What is the hundreds digit of ((-500)/10)/((-3)/126*4)?
5
Suppose f + 101094 = 4*g, -188*g - 2*f = -193*g + 126369. What is the units digit of g?
3
Let x be (-1)/((-5)/(-10)) + 794. Let y = -552 + x. Let q = 555 - y. What is the tens digit of q?
1
Let g(x) = 217*x**2 + 31*x + 160. What is the units digit of g(-6)?
6
Suppose 10*g - 2*h - 11868 = 8*g, -2*h - 23736 = -4*g. What is the hundreds digit of g?
9
Suppose -6*a + 12 = -2*a - 4*g, 31 = 2*a + 3*g. Suppose -9*b + 5950 = a*b. What is the hundreds digit of b?
3
Let u be (682 + 3)/(50/60). Let w = 1712 - u. What is the tens digit of w?
9
Let w = -3226 + 4814. What is the hundreds digit of w?
5
Suppose -2*f - 80969 = -3*o + 57458, 230711 = 5*o - 3*f. What is the tens digit of o?
4
Suppose -5*h + 0*h - 4*s + 41600 = 0, -24997 = -3*h + 5*s. What is the hundreds digit of h?
3
What is the tens digit of 806733/63 + 14 + 8/(-84)*3?
1
Let m(w) = 2*w**2 + 36*w + 36. Let y be m(-29). What is the tens digit of y/2 - (-7 - -7)?
3
Let r be (-4 + 